p. Let q(s) be the first derivative of 10 - 10*s - 1/2*s**2. Determine q(g).
-5
Let u(r) = 41 - 9*r**3 - 2*r - r**3 - 5*r**3 + 7*r**3 - 42. Calculate u(-1).
9
Suppose -4*y = -0*y - 4*m - 132, 0 = y - 3*m - 35. Suppose 17 = -3*b + y. Let i(l) = l**2 - 4*l. Calculate i(b).
5
Let r be (4*(3 + -2))/(-1). Let p = -195 - -309. Let x(m) = -6 + p*m - 227*m + 109*m. Calculate x(r).
10
Suppose 0 = 7*l + 2 - 86. Suppose -8*k = -12*k - l. Let x(w) = -4*w + 4. Let f(j) = -j. Let u(a) = -10*f(a) + x(a). Calculate u(k).
-14
Let j(i) be the second derivative of -1/3*i**3 - 1/12*i**4 - 270*i + 0 + 3*i**2 + 1/20*i**5. Calculate j(0).
6
Suppose -4*h + 2*i = -26, 2*i = -5*h + 3 + 34. Suppose -h*w + 0 + 42 = 0. Let b(d) = -d**3 + 6*d**2 + d + 3. Calculate b(w).
9
Let w(l) = -l**3 + 4*l**2 - 2*l - 1. Suppose 5*z - v - 50 - 68 = 0, -z + 35 = -4*v. Let i(b) = -2*b**2 + 52*b - 136. Let x be i(z). Give w(x).
3
Let o(x) = -x + 8. Suppose 7*t - 1 = 55. Let b be ((-3)/2)/(4/t)*-3. Calculate o(b).
-1
Suppose 3*y - 166 = 137. Let h = 104 - y. Let q(c) = h - 25*c**2 - 7*c + 27*c**2 - 11. Determine q(6).
22
Let a be (-10)/4*(20 + -18) + -1. Let g(i) be the third derivative of -1/24*i**4 + 3*i**2 + 0*i + 0 - 5/6*i**3. Give g(a).
1
Let a(c) be the third derivative of -c**5/60 - 29*c**4/24 - 13*c**3/6 + c**2 + 603. What is a(-26)?
65
Let l(o) = -o**2 + 213*o - 32. Let d(n) = -2*n**2 + 392*n - 60. Let g(s) = 6*d(s) - 11*l(s). Let c(w) = w**2 - 2*w - 7. Let u be c(5). Calculate g(u).
0
Let t = 4759 - 4764. Let j(w) = -2*w**2 - 6*w - 15. Calculate j(t).
-35
Suppose 47 + 20 - 17 = 50*d. Let c(h) = -18*h + h - 24*h. Give c(d).
-41
Let k(h) = 4*h**2 - 2*h - 2. Let w be k(-1). Suppose v + w = 5*v. Let m be v - (-2*2 + (-4)/(-4)). Let y(u) = u**3 - 5*u**2 + 6*u - 5. What is y(m)?
3
Let x be -94*(10/(-2) - -4). Suppose 0 = -3*y - 3*j + j + x, -30 = -y - j. Let p(d) = -29*d - 6 + y*d + 3. Give p(-3).
-18
Let p(l) = -11*l - 119*l**2 - 118*l**2 + 25*l + 9 + 248*l**2 + l**3. Calculate p(-9).
45
Let k(d) = 26*d**3 - 7*d**2 - 26*d - 25. Let o(n) = 21*n**3 - 6*n**2 - 25*n - 24. Let x(v) = -5*k(v) + 6*o(v). Calculate x(-1).
4
Let k(a) = a**3 - 5*a**2 - a - 2. Let t(b) be the second derivative of b**2/2 - b - 2. Let y(q) = -k(q) - 6*t(q). Determine y(5).
1
Let y(m) = -m**2 + 8*m. Let n be -9*4/(-36)*(3 - -88). Suppose 18*j = 31*j - n. Determine y(j).
7
Let g = -24 + -66. Let s = g - -83. Let v(y) be the second derivative of y**4/12 + 3*y**3/2 + 4*y**2 + 3*y. Calculate v(s).
-6
Suppose -16*u = 19*u - 190 + 1065. Let j(d) = -d**3 - 24*d**2 + 26*d + 34. Calculate j(u).
9
Let k(p) be the second derivative of p**5/20 - 7*p**4/12 + 4*p**3/3 - 5*p**2/2 + 134*p. Let w(b) = 2*b - 7. Let s be w(4). Let q be 8 + (3/(-3) - s). Give k(q).
7
Let v(x) = -2*x**3 - 19*x**2 + 7*x - 13. Let y(r) = 133*r + 389. Let z be y(-3). Give v(z).
17
Let f(s) be the third derivative of 0*s + 124*s**2 + 1/60*s**5 + 0*s**4 + 1 - 13/3*s**3. Calculate f(0).
-26
Let w(h) = 21*h**3 + 34*h**3 - 89*h**3 + 33*h**3 - h**2 + 11*h**2 + 11*h + 5. Determine w(11).
5
Suppose 66*f - 64*f + 2*y = 22, 0 = 3*f + 5*y - 27. Let m(j) = -j**3 + 14*j**2 - 7*j + 91. Determine m(f).
-7
Let q(c) be the first derivative of c**4/4 - 4*c**3/3 - 2*c**2 + 8*c - 1195. Give q(5).
13
Let l(b) = 3*b**3 - 11*b**2 - 5*b - 12. Let r(a) = -2*a**3 + a**2 - 3*a + 1. Let o(f) = -l(f) - 2*r(f). Calculate o(-8).
-14
Let s(c) = 6*c**2 + 165*c - 166. Let d be s(1). Let x(m) = -3*m - 13. Determine x(d).
-28
Let s be (-30)/(-4)*(-14)/(-21). Suppose -m + 12 = -2*a, a = -m + s*m - 6. Let w(i) be the third derivative of i**4/24 + 5*i**3/6 - 3*i**2 + 4. Calculate w(a).
-1
Let j be 2/6 - 10/(-6). Suppose -6*t - j = -8*t. Let h(u) = -13*u. Calculate h(t).
-13
Let o(t) = -45 - 88 + 144 + 10*t - 56. Calculate o(4).
-5
Let n(x) = x + 24. Let a = 374 - 372. Suppose 5*l + 20 = i + i, a*l = -8. Give n(i).
24
Let n(c) = 2*c - 4. Let i be 29/9 + ((-100)/45 - -2). Let h be ((54/21)/i)/((-3)/(-14)). Let s be -5*(7 - h - 4). What is n(s)?
6
Let m = 127 + -111. Suppose 0 = x + 3*y + 5, -4*x + 5*y - m = 4. Let s(i) = i**2 + 5*i - 1. Calculate s(x).
-1
Let i(n) = -5 + 18 - n**2 - 11 + 3*n - 1 - 4 - 4*n**2. Let t = 8 + -6. What is i(t)?
-17
Let d = -22 + 27. Let l(p) be the first derivative of 1/2*p**2 + 0*p - 40. Calculate l(d).
5
Let x = 47 + -27. Suppose 0*k + 140 = -x*k. Let u(t) = -t**2 - 8*t + 8. Give u(k).
15
Let a(f) = 130*f**3 - 60*f**3 + 9*f - 6 + 2*f**2 + 3*f**2 - 69*f**3. Let z(y) = -2*y + 1. Let u(j) = a(j) + 2*z(j). Calculate u(-4).
-8
Let v(p) = -p + 10. Let y(d) = -d + 9. Suppose 4*s - 2*w = -0*w + 18, 4*w - 3 = -5*s. Let h be y(s). Suppose 35*b + h = 36*b. Calculate v(b).
4
Let m(w) be the first derivative of -1/2*w**2 + w**3 - 88 + w. What is m(-2)?
15
Let w(h) = -2 + 5*h + 27*h**2 + 5 + 3*h - 26*h**2 - 3*h. Determine w(-7).
17
Suppose 11*f - 13 = -4*g + 12*f, -4*f - 8 = -5*g. Let x(u) = -3*u + 101*u**2 - g + 109*u**2 - 209*u**2. Calculate x(7).
24
Let r(i) be the second derivative of -i**4/6 + i**3 + 3*i**2 + 6*i. Let x be -2 - (-3 + 1)/((-1)/(-22)). Let z = x - 37. Determine r(z).
-14
Let c = -7489 + 7479. Let u(m) = 25*m + 256. What is u(c)?
6
Let a(b) = 47*b + 5*b**3 - 6*b**3 - 7 - 53*b - 5*b**2. Let j(x) = -x**3 - 7*x**2 - 11*x - 10. Let s be j(-5). Give a(s).
23
Suppose 2*q = 6 - 2. Let c(l) = -6 + 5*l**2 + q*l**3 - 4*l**2 - l**3. Let p = -749434 - -749434. What is c(p)?
-6
Suppose 0 = -2*d + 4 + 2. Suppose 3*c = 4*c - d*q + 8, 4 = -c - q. Let s(v) = -21*v + 60. Let r(g) = -6*g + 17. Let j(n) = c*s(n) + 18*r(n). Determine j(4).
-6
Suppose -80 = 5*t - 5*p, 120*t + 2*p = 118*t - 28. Let c(q) = -q**2 - 18*q - 33. What is c(t)?
12
Let g(q) = -25 + 87 + 25 - 21 + 0 - 3*q. Calculate g(5).
51
Suppose 0 = 26*w - 34 - 111 - 89. Let v(g) = g**3 - 11*g**2 + 20*g - 5. Give v(w).
13
Suppose -4*y + y + 12 = 0, 19 = w + 4*y. Let q(p) = -p**2 - 2 + 3*p**w + 50*p - 19*p - 27*p. Let m be q(1). Let u(t) = 2*t - 4. What is u(m)?
4
Let p(g) = 17*g - 15. Suppose 15 = 3*f + 4*w, 2*f + 4*w - 20 = -2*f. Let s(x) = -9*x + 8. Let d(k) = f*s(k) + 3*p(k). What is d(5)?
25
Let u(b) = b**2 + 12*b + 49. Let g = -20538 - -20530. What is u(g)?
17
Suppose -12*w + 16 = -2*w + 6*w. Let g(o) = 6*o**2 + 10*o - 11. What is g(w)?
5
Let s(d) be the third derivative of -d**5/60 + 7*d**4/24 - d**2 + 1506*d + 30. Let z(i) = 2*i**2 - 2*i + 3. Let o be z(2). What is s(o)?
0
Suppose 3*p - q - 27 = 0, 2*p + 39*q - 18 = 33*q. Let d(b) = 8*b - 24. What is d(p)?
48
Let o(k) be the third derivative of -k**5/12 - k**4 - 13*k**3/6 + 4*k**2 - 30*k - 2. Give o(-5).
-18
Let l(c) = -5*c**3 - 6*c**2 + 2*c - 4. Let x(u) = 16*u**3 + 21*u**2 - 4*u + 12. Let h(k) = 13*l(k) + 4*x(k). Determine h(7).
17
Suppose 0 = 5*r - k - 113, 2*k = 5*r - 0*r - 116. Suppose 6*p - 3*p + h + r = 0, -2*p + h = 18. Let o(s) = s**2 + 11*s. What is o(p)?
-24
Let n be ((-77)/(-21))/((-1)/(-3) - 0). Let q(u) = n*u + 1 + 11 + 38*u**2 - 39*u**2 + 14. Let d be q(13). Let m(x) = x**2 + 3. Give m(d).
3
Let j(s) = s**2 - 8*s - 26. Let h(r) = -2*r**2 + 16*r + 52. Let u(n) = -2*h(n) - 5*j(n). Let k be u(10). Let d(a) = k + 4*a - 8 + 0. What is d(4)?
14
Let j(l) = 25*l**2 + l - 45. Let o(a) = 71*a**2 + 2*a - 134. Let v(t) = -17*j(t) + 6*o(t). Calculate v(9).
-3
Suppose 5*q - 7 = -u, 5*u + 4*q + 7 = -0*u. Let m(a) = 9*a**2 - 9*a + 1. Let p(c) = -5*c**2 + 6*c - 1. Let o(f) = u*m(f) - 5*p(f). Determine o(-3).
-7
Let c(g) = -19*g - 245. Let o(v) = -9*v + 1. Let z(q) = c(q) + 2*o(q). Determine z(-6).
-21
Let z(v) = -9*v**3 + 2*v + 1. Let h be (-2460)/120 - 6/4. Let m(s) = -5*s - 1. Let i be m(4). Let r = h - i. Calculate z(r).
8
Let m(g) = 7*g**2 - 7*g - 5. Let j(d) = -7*d**2 + 9*d + 6. Let x = 198 + -195. Let u(b) = x*j(b) + 4*m(b). Give u(-2).
28
Suppose 4 = -5*q + 3*w - 21, -5*w = -2*q - 29. Let o(h) = h**2 + 6*h + 8. Let j be o(q). Let d(y) = 0 + 4*y - y - 2*y + 11. What is d(j)?
11
Let p(j) = -6*j + 27 - 75 + 4*j + 61. Determine p(-3).
19
Let y(v) = v**2 - v + 1. Let o(u) = -u + 8. Let m be o(9). Let d(h) = 2*h**2 + h + 3. Let r(w) = m*d(w) + 3*y(w). Let j = 1436 + -1431. Determine r(j).
5
Let t be (-6)/(-15) - 23/(-5). Suppose -4*a + t*z = -0*a + 52, 2*z = a + 16. Let w(i) = -3*i - 6. Determine w(a).
18
Suppose 5*q + 39 = 29. Let u be ((-16)/24)/(1*q/15). Let 